18?
-56
Calculate -83 + (54 - -20) - -47.
38
Calculate 34 + (-26 + -39 - (21 - 58)).
6
What is the value of 794 + -799 - ((-5 - -5) + (1 - -1))?
-7
What is -1 + 74 + -414 + 334?
-7
Evaluate (-125 - (-115 + -12)) + (1 - -2).
5
What is -1 + -31 - (-3447 - -3487)?
-72
80 + -113 - (-27 - -2) - -14
6
13 - 7 - -37 - -17
60
16 + (1 - -16 - 37) + (-5 - (-2 + 45))
-52
What is the value of -7 - ((-4 - -53) + 288 + -296)?
-48
(-7 - (-22 - -2)) + 37 + 3 + 0
53
What is -5747 - -5766 - (5 - (-1 + -1))?
12
Calculate -4 - (-8 - (-2 - (19 + -30))).
13
What is the value of -12 + (6 - 1) + -45 + 57?
5
Calculate -66 + (48 + 33 - 69).
-54
What is (-2276 - -2279) + (-1 - 13)?
-11
What is -2 + (4 - ((-12 - -7 - -93) + -4)) - 1?
-83
Evaluate -15 + -2 - -34 - (-24 + -1).
42
Evaluate (-43 + -2 - 1 - -70) + 3.
27
What is -10 - 9 - (8 - (16 - -14))?
3
What is -281 + 414 + -87 + (-2 - -5) + 1?
50
-7 - ((45 + -52 - 5) + (7 - -1))
-3
What is 90 + (0 - 3) + (-8 - 0 - 3 - -9)?
85
Evaluate -53 - (0 - 87) - 38.
-4
Calculate (-31 - -32) + -5 - (3 + -15 + 12).
-4
What is 5 + 3 - (3 + (-3 - -2) - 0)?
6
What is -58 + -51 + 95 - (2 - (4 + 3))?
-9
What is (-1 - 2 - 13) + (881 - 823)?
42
Evaluate (59 - 45 - 7) + -3 + -2.
2
-13 + 2 + 0 - (185 + -205 + (0 - 16))
25
Evaluate 12 - ((56 - -11 - 11) + -26).
-18
Calculate -89 + (8 - (8 + -12) - (15 + -1)).
-91
What is -328 - -321 - (0 + 68 + (-4 - -3))?
-74
What is the value of 19 + (-3 + 22 - (-268 - -229))?
77
-22 - (-69 + 36) - 35
-24
Evaluate 4 - (-15 + 3) - (220 + -243).
39
What is the value of 200 - 236 - (-152 + 0) - 29?
87
Evaluate 4 + -5 + -3 + (27 - 0 - 23).
0
Evaluate -4 - (6 + 63) - (-11 + -8).
-54
What is the value of -15 - -77 - (64 + -51 + -15)?
64
What is the value of 4 + (-36 - (7 - (6 - -23))) - 93?
-103
Evaluate -1 + -5 - (-1 + -8 + (132 - 102)).
-27
Calculate 57 + 1 - (-9891 - -9891 - (0 + 10 + 2)).
70
What is 1 + -64 - (-20 + 24 + (-1 - 2))?
-64
What is (133 - (-75 + 317)) + -16?
-125
(21 - -10 - 20) + 10 + -32
-11
What is (-21 - (-13 - (-63 - -118))) + (0 - (-2 + 1))?
48
(5 - 96) + (-13 + 6 - -16) - -8 - -7
-67
Evaluate 22 + -46 - (-3 - 16) - (-4 + 14).
-15
Calculate 21 - (4 - 1 - -67).
-49
49 + (4 - -36) + -40
49
Calculate -32 + (16 - -2) + 62.
48
What is the value of -3 + 110 - (-2251 + 2260)?
98
Evaluate 31 - ((4 + -25 - 1) + 29).
24
What is the value of 228 - 244 - (7 + 17 + -17 + 3 + 4)?
-30
Evaluate 104 - (-29 - 75 - -274).
-66
Calculate -4 + (-2 - -1) + -81 + -11 + 189.
92
Calculate 24 - 19 - (-19 + 1 - -47).
-24
What is the value of -2 + (-16 - -12) + -83 + (-14 - (-1 + 0))?
-102
What is -50 - (105 + -84 + 24)?
-95
What is 126 + (-1 - 75 - (-6 + -34))?
90
What is the value of (1 - -21) + -63 + -17 + 20 + -6?
-44
Evaluate 22 - (-23 + 3 + 11 + -12 + 13).
30
Calculate -2 - (2 + -2 - 0) - 3 - (-1 - 41).
37
Calculate 29 - (-54 + 7 + 13 + -21).
84
What is the value of (2 - 1) + -13 + 1213 + -1227?
-26
Calculate -7 - 22 - (2 + -22 + 28).
-37
Evaluate 40 + (-36 - -30) + -34.
0
What is the value of 62 - (-73 + 9 - -227)?
-101
Calculate 5 + (11 - (23 + 23)) - 42.
-72
Calculate 12 + 1 + ((-1 - 0) + 1 - (-13636 - -13589)).
60
What is -1 + 2 + 120 + 2 + 48 + (1261 - 1325)?
107
What is the value of -297 - -292 - (-48 + -3 + 7)?
39
Evaluate 98 + -2 - 0 - (63 + (63 - 116) + -13).
99
What is the value of 2 + -2 + -76 - (41 - 1 - (-587 - -634))?
-69
What is 87 + (-48 - (-4 - 23) - 1)?
65
Evaluate -13 + 9 + (4 - (-9 + 8)) + 47.
48
-25 - (-19 - (28 - (-21 - -102)))
-59
What is the value of -129 + 196 - (19 + -1)?
49
Evaluate -30 - (0 - (4 - -6 - 9)) - (6 + 6).
-41
What is 991 - 972 - (-3 - (3 + -16))?
9
What is the value of 229 + (-34 - 204) + 2 + -92?
-99
(-20 - ((14 - 33) + 0)) + 2 + 61
62
What is (5 - 5 - -24) + (-16 - 11 - -16)?
13
What is the value of (15 + 1 - (85 - 121)) + (0 - 10) + 3?
45
What is 7 - 7 - 10 - (4 + 4 - 42 - 9)?
33
12 - (-56 - -87 - 0)
-19
What is (1573 - 1542) + (2 - 115) + 6?
-76
-6 + 1 + (3 - 1) + (61 - 33)
25
What is the value of 11 - -1 - (3 - (59 - -4)) - 9?
63
Evaluate -50 + 122 - (56 + 15).
1
What is -15 - (-121 - (0 + -9 + 574 + -556))?
115
What is the value of (17 + 67 - 50) + -59?
-25
Evaluate (-52 - (21 + -48)) + -21.
-46
Calculate -1 + (24 - 1) - (116 + -32 + -73).
11
Evaluate (-15 + 93 - 38) + -7 - -44.
77
Evaluate 19 + 3 + (-7 - -5) + -66.
-46
What is -13 - (-2 - 25) - (-14 + 73)?
-45
Calculate 40 - 68 - (-29 - 7).
8
-155 - (-30 - 77) - -88
40
Calculate -103 - 1 - (-34 + (-26 - (16 + -99) - 14)).
-113
(431 - 419) + (33 - 2)
43
Evaluate (-11 - (4 + -1)) + (57 - 30 - -44).
57
What is (-1 + -67 - (51 - 64) - -7) + (-2 - -2)?
-48
-26 + 22 + 17 + (7 - -3 - (-111 - 5))
139
What is -89 + (17 - -9) + 21?
-42
Evaluate 30 + (13 - (24 - 42)) + -138.
-77
Evaluate (-23 + 17 - ((2 - 0) + -13)) + -51 + 7.
-39
What is the value of -77 + 1 + -14898 + 15007?
33
Evaluate 30 - (23 - (-4 + 38)) - (1 - (-10 + 1)).
31
Calculate 44 - (-31 + 54) - 10 - (-1 - 1 - 51).
64
Evaluate -5 + 5 + (9 - (8 - 3) - (-5 - 20)).
29
Evaluate (0 - -31) + ((-64 - -33) + 38 - -6).
44
Evaluate -2 - (110 - (4 - -52)).
-56
What is the value of -14 + 5 + -4 + (28 - 65 - -30)?
-20
(-943 - -887) + (3 - -97)
44
-165 + 102 + -7 + 33
-37
What is 0 - 1 - 2 - (-33 + (37 - (-35 + -1)))?
-43
7 + -46 + (828 - 739)
50
What is the value of (75 - (80 - 165)) + -78?
82
Calculate (802 - 802) + (1 - 4 - (18 + 1)).
-22
Calculate -22 - (63 - 130 - -62).
-17
(-777 - -761) + (0 - 24)
-40
(60 - 81) + (-7 - -13) + -44
-59
What is 3 + (-1 + 2 - 13) - -22 - -15?
28
97 + (-104 - (-151 + 60) - (-1 + -2 + -1))
88
What is -37 - ((132 - 169) + (14 - -6))?
-20
What is 87 + (-173 - -122 - -23)?
59
43 + (69 - 48) + -35
29
(2 - -6) + -13 + 16
11
Evaluate (2 - (1 - (2 - 4))) + (-51 - (-18 - 55)).
21
Calculate (-38 - -46) + (0 - -1) + (14 - 42).
-19
Calculate 7 + (-193 - -95 - -59).
-32
Calculate (0 - -5) + 107 - (37 + -63).
138
Evaluate (-15 - 23) + 25 + -2 + 13 + -2.
-4
What is the value of -15 - (646 + -621 + (-145 - (3 - 2)))?
106
Evaluate -24 + (-57 - (18 - 40)) + 30.
-29
Calculate 51 + ((-29 - -5) + 6 - 16).
17
Evaluate -20 + 39 + -21 + -18 + -8 + (-13 - 1).
-42
Evaluate (0 - (3 - 9)) + (-21 - (136 + (22 - 29))).
-144
Evaluate (62 - -2) + -42 + -11.
11
Calculate 58 + (-2 - -29) + -16 + 14 + -19.
64
Calculate 24 + (-35 - -47) + -43 + (1 - (-44 - -2)).
36
What is -20 - -9 - -2 - -8 - 17 - (-2 + 0)?
-16
Evaluate 1 + -1 - (1 - 20) - (78 + -89).
30
What is -17 + 9 + -11 + 11 - (-16 - -5)?
3
-6 + -11 + 44 - (-23 - -32) - (9 - 1)
10
2 - -31 - (-52 + 8 - 70)
147
What is 77 + ((-30 - 6) + (19 - 9) - -11)?
62
Calculate 79 + -96 - -21 - -103.
107
Evaluate (-17 - (14 - 36)) + 13 + (-14 - -3).
7
Evaluate (-53 - -2) + (-3 - 1 - -3 - (-143 - -133)).
-42
What is the value of -66 - (19 - 31 - -28 - (2 + 1))?
-79
What is -48 + (5 - -3) + (18 - (4 - -5))?
-31
What is the value of 3 - -9 - (14 + 1 + -18 + -1 + 6)?
10
Calculate -159 - (-187 + 36 - -46).
-54
Evaluate -27 + 72 + 1 + -73.
-27
Calculate -103 - -146 - (112 + 29).
-98
4 + 86 + (-32 - -24) + (0 - 3 - -2)
81
17 - (8 + 5 - 1) - (2 + -15)
18
(17 - 6) + (-53 - -82) + 2
42
Evaluate 91 + 61 + -158 - (6 - (-2 + 1 + -1)).
-14
What is the value of 21 - (13 - (7 + -27 - -40))?
28
Calculate (-63 - -126) + -13 + -23.
27
What is 24 + (-23 + 19 - (-8 - 2) - 7)?
23
Evaluate -94 - ((-28 - 44) + -149).
127
Calculate 91 + -120 - (37 - 112).
46
Calculate 69 + -101 + 24 + (3 - 10 - 3).
-18
What is 92 - 132 - (-5 - 33) - -107?
105
What is 51 + (-70 + 10 - 7)?
-16
Calculate -11 + 1 + (-10 - 7 - -9) - -12 - -16.
10
Calculate -3 - 3 - -1 - (46 + 15 - 84).
18
What is -2 - (-4 + (-8 - -2) + 11)?
-3
What is the value of 36 + (-289 + 100 - -107)?
-46
What is the value of (-122 - 1) + (2 - 14 - -2) + 8 - -7?
-118
Evaluate 3521 + -3472 + (2 - (2 - -5)).
44
Calculate -33 - -71 - (-6 + 2 + 0 - (-22 - -20)).
40
What is the value of 53 + -8 + (-12 - (8 - (17 + 0))) + 4?
46
What is the value of 17 + 2 - (-24 - -5 - -98)?
-60
Evaluate -3 + 45 + -126 + 54.
-30
What is the value of -93 - -54 - (-8 - -1)?
-32
Evaluate -39 + 22 + 26 + -4 + -6.
-1
What is -84 + (-14 - (-37 - (-30 + 15 + -2)))?
-78
55 + -107 - 26 - (5 + 6 - 30)
-59
Calculate -1 + -18 + -2 + 16 + 69 + -21.
43
Calculate -47 - -6 - (5 + (1 - -17) + 0).
-64
What is the value of 40 + -237 + 112 + 94?
9
Ev